 - 517759 - 108849, -626617 = -w + 4*v. Is w composite?
False
Suppose -2348 = -2*c + 1512. Suppose 5*h - 3075 = -4*x + 130, c = 3*h + x. Let u = h - 126. Is u a composite number?
True
Let x be ((-16)/6)/(8/(-12)). Suppose -s - x = -5*s. Is (-4 - -39*5)*s composite?
False
Suppose -14*k = -4*k + 14890. Let x = k - 1826. Let n = x + 4732. Is n a prime number?
False
Suppose -79*m = -40*m - 21575931. Is m a composite number?
False
Let y be (-90740)/(-25) + 15/(-25). Let w = y - 907. Is w a prime number?
False
Let v be -8 + 4 + (9 - -7621). Suppose 3*f = -2*c + 22873, -v = -f - 2*c + c. Is f a prime number?
True
Let q(u) = -1150*u**3 - 3*u**2 - 10*u - 16. Is q(-3) a prime number?
False
Suppose 179 = 2*m + 165. Suppose -53763 = -m*z - 21262. Is z a prime number?
True
Let z = 8 + -8. Let a be 0*((-9)/3)/3. Suppose z*s - 2*s - x + 1323 = a, -5*x = 3*s - 2002. Is s prime?
True
Let u(f) be the second derivative of 1223*f**4/12 + 5*f**3/6 - 3*f**2 - 30*f. Let j be u(4). Is j*3/(-24)*-4 composite?
False
Let c = -244 + 247. Is 53907/c - (8/(-2) + 2) a composite number?
False
Suppose 3*z + 4*c = 737847, -9*z - 8*c = -10*z + 245893. Is z prime?
True
Let b = -26051 + 45940. Is b composite?
False
Let x(z) = -z**2 + 4*z - 4. Let y be x(2). Let c = 22 - y. Let q = 11 + c. Is q prime?
False
Let m be (56/8 - 7)*-1. Suppose -21*o + 10083 + 130806 = m. Is o a prime number?
True
Suppose -9*r + 122076 = -7*r - w, 3*w - 122100 = -2*r. Is r composite?
True
Let k = 71 + -72. Is (170/30)/(k/(-1101)) a prime number?
False
Is -3 - (13/(-52) - 3756254/8) a prime number?
True
Let g = 42 - 18. Suppose -7*b = -b - 1170. Suppose 19*o + b = g*o. Is o prime?
False
Suppose -2643159 = -34*a + 7*a - 622506. Is a a composite number?
True
Suppose -17 = -5*y + 2*q, 8*y = 4*y + q + 13. Suppose -v = y*w - 3532, v + 2*v + 4705 = 4*w. Is w a prime number?
False
Suppose 30565 = 4*q + 3*j, 2*q = -3*j + 10464 + 4817. Is q prime?
False
Let i(y) = 20*y**3 - 234*y**2 + 35*y + 140. Is i(33) a prime number?
True
Suppose -370058 = -5*c - 4*t + 188345, 4*c + 5*t - 446726 = 0. Is c a composite number?
True
Let r = 49112 - -174093. Is r a prime number?
False
Let n(v) = v**3 + 32*v**2 + 2. Let o be n(-32). Let k be ((-2761)/2)/(2/(-4)). Suppose -k = -9*b - o*b. Is b a prime number?
True
Let v be (1 + -1)/2 - 6/(-3). Suppose -7*z = -v*z. Suppose 2*y - g - 200 = 230, y - 4*g - 229 = z. Is y composite?
True
Let g(p) = p**2 - 6*p + 65. Let d be g(-32). Suppose d = 32*y - 29*y. Is y a composite number?
True
Let d(a) = -67*a - 130. Let t be d(11). Let j = 1402 + t. Is j composite?
True
Let a = 2009548 - 1403249. Is a composite?
False
Suppose -34*w - 1117641 = -52*w - 280335. Is w a composite number?
True
Suppose 0 = 16*q + 70 + 26. Is q/24*2*-3508 composite?
True
Let b(w) = -6911*w**2 + 6*w. Let i(q) = q**2 + 1. Let a(h) = -b(h) + 3*i(h). Is a(1) a composite number?
False
Let d(r) = -168*r - 4465. Is d(-146) prime?
True
Suppose 8*x - 3374 = 562. Is x + 2 - 4/(-12)*-3 prime?
False
Let z(k) be the third derivative of 0*k - 1/60*k**5 + 0 + 8*k**2 + 1/24*k**4 + 17/30*k**6 + 1/6*k**3. Is z(2) a prime number?
False
Let v be (3 + -219)/4*-40. Suppose 2*r + 10 = 0, 0 = -3*y + 4*y + 4*r + 20. Suppose 0 = -4*a - l - l + v, y = 5*a + l - 2703. Is a composite?
False
Suppose 0 = 3*f + y - 35, 2*f + 20 = 3*f + 2*y. Let o be 7/(-21)*1*(-2 - f). Suppose 5*m + 5*l - 258 = -13, -l - o = 0. Is m prime?
True
Suppose -1235*s + 1233*s + 128374 = 0. Is s a prime number?
True
Let p(d) = 219*d - 13. Let o(l) = -439*l + 27. Let q be ((-1)/(-2))/(-1)*10. Let f(i) = q*p(i) - 2*o(i). Is f(-10) a composite number?
True
Is (1810467/6)/((30/(-20))/(-1)) a prime number?
True
Suppose u + b = 124114, 10*b + 248270 = 2*u + 6*b. Is u composite?
False
Let q(n) = 24*n**2 + n - 9. Let c be (49/(-21))/(2/(-6)). Is q(c) a prime number?
False
Suppose 0 = 14*o - 752686 - 455836. Is o composite?
False
Let d = -88846 - -130026. Suppose -42252 = -4*k + 2*u + d, -3*k + 5*u = -62581. Is k a prime number?
True
Let k(w) = -3*w - 79. Let o be k(-29). Is (4/o)/(((-66)/(-73896))/11) a prime number?
False
Suppose 60*h + 9*h = 11988129. Is h a composite number?
False
Let q = 215735 + -125038. Is q prime?
True
Let t(f) = 66712*f**2 - 164*f + 165. Is t(1) composite?
False
Suppose -2372 = 3*x - 7*x - 2*j, j = 4*x - 2372. Let u = x + 866. Is u a prime number?
True
Let r be 2/(-11) + (-53022)/(-11). Suppose -4*q = -f - 19289, r = q + 5*f - 3*f. Is q prime?
False
Suppose -295*u + 309*u = 282422. Is u prime?
True
Let g = 4674 - 3557. Is g a composite number?
False
Let m(j) = -j**3 - 11*j**2 + 12*j - 10. Suppose -144 = 5*u + 7*u. Let z be m(u). Let t(p) = 7*p**2 + 33*p + 25. Is t(z) a prime number?
False
Let y = -92 - -98. Let p(j) = 13 + 0*j + 12*j - 3*j. Is p(y) a prime number?
True
Suppose 0*d + 18*d = 597384. Suppose -12 = -4*v, 6*f - f - d = -v. Is f composite?
False
Let o(m) be the third derivative of 0*m + 2*m**3 - 17*m**2 - 329/24*m**4 + 0. Is o(-5) composite?
False
Let g be -1*7/((-21)/24). Let r(d) = 36*d**2 - 6*d + 12. Let o be r(g). Let y = o - 1513. Is y prime?
False
Suppose -1355*g + 41510 = -1361*g + 215744. Is g composite?
True
Let t(l) = 17*l + 1. Let v be t(1). Let j be -2*5158/6*v/(-12). Is j*((4 - 4) + 1) prime?
True
Let o = 5303 + 6455. Is o a composite number?
True
Suppose -3*s + 3*q + 8112 = 0, 4*q = 13*s - 14*s + 2729. Is (-5 + 6)*(s + (3 - 5)) a composite number?
False
Suppose 10*p = 49 + 10611. Let y = 1980 - p. Is y a composite number?
True
Let y = 50944 - 9758. Is y composite?
True
Let z(d) = 74*d**2 - 29*d + 58. Let i be (-7 + 12)/((-2)/2) - 8. Is z(i) prime?
True
Suppose -z - 5*v + 30 = z, -2*z - 4*v = -30. Suppose -21*m + z*m + 16986 = 0. Is m a prime number?
False
Let a = -522425 - -790204. Is a prime?
False
Let b(p) be the first derivative of 377*p**4 - 5*p**3/3 - p**2/2 + 5*p - 162. Is b(2) a prime number?
False
Suppose 22077384 = 23232*z - 23208*z. Is z a prime number?
False
Suppose 2761 + 25931 = 12*l. Let i be (-16)/(-12) - 8480/6. Let m = i + l. Is m prime?
False
Suppose 40*j - 32*j - 98656 = 0. Suppose -23*d - j = -27*d. Is d a composite number?
False
Let f(a) = 36*a**2 + 48*a + 397. Is f(-34) prime?
False
Let v = -29572 + 113345. Is v composite?
False
Let w(y) = 4860*y**3 - y**2 - 10*y + 12. Is w(1) a prime number?
True
Suppose 2*q - 3*n - 1090762 = 0, 0 = 4*q - 0*n - n - 2181544. Is q prime?
True
Let k(t) be the third derivative of 0*t + 16*t**2 + 1/5*t**5 + 5/2*t**3 + 0 - 3/8*t**4 + 1/120*t**6. Is k(-10) a prime number?
False
Is 1 + (-15)/24 - 10619713/(-104) composite?
True
Let c(i) be the second derivative of -3*i**5/20 - 23*i**4/12 - 5*i**3 + 3*i**2/2 - i + 10. Is c(-8) a prime number?
True
Let x(l) = 14*l**2 - 2*l + 2. Let j be x(1). Let p(g) = g**3 - 15*g**2 + 16*g + 34. Let u be p(j). Let t = u + 607. Is t a composite number?
True
Suppose -2*a + 589 = -5*b, -5*b = -5*a + 137 + 443. Let h = b + 119. Let j(t) = t**3 + 2721. Is j(h) prime?
False
Let x(w) be the first derivative of w**6/180 - w**5/120 + 389*w**4/24 + 6*w**3 + 6. Let k(m) be the third derivative of x(m). Is k(0) composite?
False
Let b = 85568 - 51319. Is b a composite number?
True
Suppose -4*y - b = 14155, -20*y - 4*b = -24*y - 14180. Let o = 9769 - y. Is o composite?
False
Suppose 6*s - 2 = -f + 5*s, -f = -4*s + 23. Is 25035/4 - (77/28 + f) composite?
True
Suppose 12*x = -28*x + 120. Suppose -2*k + 3*k - 531 = -5*m, x*k - 1529 = m. Is k a prime number?
False
Let n be 4/((-16)/(-3)) + 27/12. Suppose 0*c + 5*c = n*l + 9, -2*c + 3*l = 0. Suppose h + 24187 = 5*f, 14509 = c*f - 0*f + h. Is f a composite number?
True
Suppose -j = 617 + 120. Suppose -2*l = 5*n - 5424, -4*l = -3*n - 3*l + 3250. Let d = n + j. Is d composite?
False
Suppose 0 = 92*m - 90*m - 524510 - 375704. Is m composite?
True
Let n be (-720)/(-210)*(-14)/(-4). Suppose 3*z - 2616 = -3*s, -2598 = -15*z + n*z + 3*s. Is z composite?
True
Let j = 40 - 31. Let s(n) = -6 - 14 + j - 8*n + 17*n**2. Is s(-4) a composite number?
False
Suppose 32*t = 17*t + 930. Suppose -60*i - 2066 = -4*n - t*i, 0 = 5*n + 3*i - 2582. Is n composite?
True
Suppose d = m + 67440, 4*d - 370*m = -372*m + 269754. Is d composite?
True
Let p(o) = -1961*o + 1541. Is p(-12) a prime number?
True
Suppose 3*q = 116 - 11. Let l(y) = 11*y**